e prime factors of 1273749?
3, 53, 8011
What are the prime factors of 1238196?
2, 3, 103183
What are the prime factors of 2216940?
2, 3, 5, 11, 3359
What are the prime factors of 1073991?
3, 357997
List the prime factors of 52725.
3, 5, 19, 37
List the prime factors of 290248.
2, 7, 71, 73
What are the prime factors of 248412?
2, 3, 127, 163
List the prime factors of 18148.
2, 13, 349
What are the prime factors of 89090?
2, 5, 59, 151
What are the prime factors of 4504400?
2, 5, 11261
List the prime factors of 108475.
5, 4339
What are the prime factors of 505153?
11, 19, 2417
What are the prime factors of 2263148?
2, 565787
What are the prime factors of 3004467?
3, 23, 43543
List the prime factors of 1449960.
2, 3, 5, 43, 281
List the prime factors of 221319.
3, 7, 1171
List the prime factors of 23024436.
2, 3, 43, 44621
What are the prime factors of 1201753?
7, 171679
List the prime factors of 1443623.
17, 84919
What are the prime factors of 711377?
89, 7993
List the prime factors of 10609297.
109, 131, 743
List the prime factors of 3481955.
5, 373, 1867
List the prime factors of 20383050.
2, 3, 5, 135887
What are the prime factors of 317107?
7, 89, 509
List the prime factors of 658891.
103, 6397
What are the prime factors of 3575230?
2, 5, 19, 31, 607
What are the prime factors of 601823?
601823
List the prime factors of 212348.
2, 53087
What are the prime factors of 512321?
512321
What are the prime factors of 11803?
11, 29, 37
What are the prime factors of 3390392?
2, 47, 71, 127
What are the prime factors of 202671?
3, 7, 3217
List the prime factors of 2957580.
2, 3, 5, 5477
List the prime factors of 170623.
97, 1759
List the prime factors of 1718255.
5, 7, 11, 4463
What are the prime factors of 17728002?
2, 3, 173, 5693
List the prime factors of 68957.
7, 9851
What are the prime factors of 393877?
11, 61, 587
List the prime factors of 134821.
29, 4649
List the prime factors of 1301124.
2, 3, 11, 9857
List the prime factors of 6190457.
7, 13, 59, 1153
List the prime factors of 400341.
3, 133447
List the prime factors of 16163424.
2, 3, 56123
What are the prime factors of 3649450?
2, 5, 7, 10427
What are the prime factors of 76592?
2, 4787
List the prime factors of 30380775.
3, 5, 31, 73, 179
List the prime factors of 801712.
2, 89, 563
List the prime factors of 2135233.
37, 57709
What are the prime factors of 3757556?
2, 11, 23, 47, 79
List the prime factors of 1363477.
1363477
What are the prime factors of 353872?
2, 17, 1301
What are the prime factors of 4253909?
11, 386719
List the prime factors of 3636166.
2, 43, 42281
List the prime factors of 847183.
41, 20663
What are the prime factors of 4898775?
3, 5, 7, 31, 43
What are the prime factors of 1292808?
2, 3, 11, 59, 83
What are the prime factors of 2774215?
5, 554843
What are the prime factors of 435747?
3, 13, 11173
What are the prime factors of 27362683?
1063, 25741
List the prime factors of 37309.
37309
List the prime factors of 186650.
2, 5, 3733
List the prime factors of 2662716.
2, 3, 7, 31699
List the prime factors of 13640163.
3, 4546721
What are the prime factors of 840995?
5, 23, 71, 103
List the prime factors of 1028049.
3, 11, 31153
List the prime factors of 17568184.
2, 109, 20147
What are the prime factors of 28873508?
2, 2539, 2843
What are the prime factors of 11804421?
3, 29, 241, 563
List the prime factors of 67677.
3, 17, 1327
What are the prime factors of 4725571?
43, 109897
List the prime factors of 395549.
7, 11, 467
List the prime factors of 376757.
376757
What are the prime factors of 9391618?
2, 4695809
What are the prime factors of 6668374?
2, 1123, 2969
List the prime factors of 2118756.
2, 3, 383, 461
What are the prime factors of 706995?
3, 5, 5237
List the prime factors of 5005969.
5005969
List the prime factors of 2459152.
2, 17, 9041
List the prime factors of 2518587.
3, 93281
List the prime factors of 2730176.
2, 29, 1471
List the prime factors of 187737.
3, 11, 5689
What are the prime factors of 1351276?
2, 359, 941
List the prime factors of 934333.
79, 11827
What are the prime factors of 493355?
5, 79, 1249
List the prime factors of 1768559.
13, 136043
What are the prime factors of 1313468?
2, 13, 29, 67
List the prime factors of 1946020.
2, 5, 97301
What are the prime factors of 4357865?
5, 17, 167, 307
What are the prime factors of 3342841?
19, 175939
What are the prime factors of 1136022?
2, 3, 189337
What are the prime factors of 12174909?
3, 31, 41, 103
What are the prime factors of 5246924?
2, 97, 13523
What are the prime factors of 22680903?
3, 7, 1080043
What are the prime factors of 310627?
310627
What are the prime factors of 1303364?
2, 23, 31, 457
What are the prime factors of 5862754?
2, 19, 41, 53, 71
What are the prime factors of 9940934?
2, 151, 32917
List the prime factors of 20425187.
31, 653, 1009
What are the prime factors of 2683124?
2, 670781
List the prime factors of 215951.
17, 12703
What are the prime factors of 985252?
2, 17, 14489
List the prime factors of 2944288.
2, 92009
What are the prime factors of 55590?
2, 3, 5, 17, 109
List the prime factors of 15187206.
2, 3, 1439, 1759
What are the prime factors of 575205?
3, 5, 31, 1237
List the prime factors of 1214034.
2, 3, 202339
List the prime factors of 54333.
3, 6037
List the prime factors of 1598699.
1598699
List the prime factors of 666145.
5, 17, 461
List the prime factors of 9642921.
3, 389, 8263
List the prime factors of 2670986.
2, 41, 32573
What are the prime factors of 58052?
2, 23, 631
What are the prime factors of 1207180?
2, 5, 13, 4643
List the prime factors of 3634858.
2, 1151, 1579
List the prime factors of 442831.
442831
List the prime factors of 3731976.
2, 3, 17, 3049
What are the prime factors of 468659?
367, 1277
List the prime factors of 15072.
2, 3, 157
What are the prime factors of 1645111?
13, 126547
What are the prime factors of 69194?
2, 29, 1193
List the prime factors of 1394053.
23, 60611
What are the prime factors of 793622?
2, 53, 7487
What are the prime factors of 22727747?
7, 73, 79, 563
List the prime factors of 806929.
806929
List the prime factors of 739370.
2, 5, 107, 691
What are the prime factors of 57852?
2, 3, 1607
List the prime factors of 468628.
2, 79, 1483
List the prime factors of 451334.
2, 13, 17359
What are the prime factors of 435109?
435109
List the prime factors of 18148999.
11, 199, 8291
List the prime factors of 6089452.
2, 1522363
List the prime factors of 14581.
7, 2083
List the prime factors of 5777413.
601, 9613
What are the prime factors of 1008675?
3, 5, 4483
List the prime factors of 1073129.
421, 2549
What are the prime factors of 4891747?
7, 698821
What are the prime factors of 6721510?
2, 5, 672151
List the prime factors of 352229.
352229
List the prime factors of 540895.
5, 108179
List the prime factors of 6296732.
2, 13, 17, 419
What are the prime factors of 13590525?
3, 5, 13, 53, 263
List the prime factors of 12090933.
3, 211, 6367
List the prime factors of 44346.
2, 3, 19, 389
What are the prime factors of 215272?
2, 71, 379
What are the prime factors of 88934?
2, 53, 839
List the prime factors of 71417.
17, 4201
What are the prime factors of 604987?
37, 83, 197
List the prime factors of 18335826.
2, 3, 17, 59921
List the prime factors of 301963.
71, 4253
List the prime factors of 960486.
2, 3, 160081
List the prime factors of 5685868.
2, 257, 5531
What are the prime factors of 9750531?
3, 7, 464311
What are the prime factors of 1161762?
2, 3, 7, 139, 199
What are the prime factors of 218014?
2, 61, 1787
What are the prime factors of 913920?
2, 3, 5, 7, 17
What are the prime factors of 1401262?
2, 31, 97, 233
What are the prime factors of 1376129?
43, 32003
List the prime factors of 20040245.
5, 23, 174263
List the prime factors of 378130.
2, 5, 37813
What are the prime factors of 4704329?
7, 43, 15629
What are the prime factors of 4747798?
2, 11, 23, 853
List the prime factors of 107805.
3, 5, 7187
What are the prime factors of 94847?
94847
What are the prime factors of 398866?
2, 13, 23, 29
List the prime factors of 20429399.
59, 346261
List the prime factors of 3135938.
2, 13, 103, 1171
List the prime factors of 412563.
3, 113, 1217
What are the prime factors of 22349236?
2, 7, 13, 4723
What are t